- 12. Suppose 0*n + b = l*n. What are the prime factors of n?
2
Let f be 1/(-2)*2 - -7. Let o = f - 0. What are the prime factors of o?
2, 3
Let a(b) = -4*b**3 - 7*b**2 - b + 12. What are the prime factors of a(-4)?
2, 5
List the prime factors of 15/(((-18)/(-15))/2).
5
Suppose 2*r + 2*v = -v + 106, -r = -3*v - 44. What are the prime factors of r?
2, 5
Let v(t) = -t**2 + 10*t - 3. Let w(n) = -n**2 - n + 4. Let z be w(0). What are the prime factors of v(z)?
3, 7
Suppose -2*a - 9 = -31. Let h = a + -1. List the prime factors of h.
2, 5
Let d(s) = -5*s - 1. Let c be d(-1). Let w(p) be the third derivative of 5*p**4/24 - 5*p**3/6 - 5*p**2. List the prime factors of w(c).
3, 5
Let u = -18 + 16. List the prime factors of (-2)/4 - 63/u.
31
Let l(q) = 9*q + 11. List the prime factors of l(3).
2, 19
Let r(q) be the first derivative of 1 + 9*q + 1/2*q**2. What are the prime factors of r(-7)?
2
Let f(s) = -8*s + 3. Let v be f(4). Let y = 21 + v. Let b(d) = -d**2 - 10*d - 4. What are the prime factors of b(y)?
2, 3
Suppose 4 = p + 2. Suppose 0 = -p*t - 3*t + 135. Suppose 0*d + t = 3*d. List the prime factors of d.
3
Let l(y) = 2*y**3 - 12*y**2 - 9*y + 33. What are the prime factors of l(9)?
2, 3, 73
Suppose -3*q + 9 = -2*c, -2*c = -c - 4*q + 12. Suppose 0 = 2*k - 80 - c. List the prime factors of k.
2, 5
Let m = 0 - -2. Let d = -2 + m. Suppose d*t - 7 = -2*t + r, r = 3*t - 12. List the prime factors of t.
5
Let p(z) = 41*z + 6. Let n(o) = 14*o + 2. Let t(d) = -8*n(d) + 3*p(d). List the prime factors of t(1).
13
Let m(k) = -k**2 - 21*k + 41. List the prime factors of m(-16).
11
Let u = 39 - -95. What are the prime factors of u?
2, 67
Let h(n) = -n**3 - 3*n**2 - 4*n - 9. What are the prime factors of h(-4)?
23
Let p = -149 + 208. What are the prime factors of p?
59
Suppose 5*s - 192 = -5*m + m, 0 = 5*s - 2*m - 174. What are the prime factors of s?
2, 3
Let r(y) = -y**3 + 8*y**2 - 6*y + 1. Let a be r(7). Let p(q) = 8 + q**3 - 5 + 5 + a*q**2 + 7*q. What are the prime factors of p(-7)?
2
Suppose 3*o - 191 = -3*h - 26, 5*o + 2*h - 266 = 0. List the prime factors of o.
2, 13
Suppose -12*v + 284 = -808. List the prime factors of v.
7, 13
Let z = -19 - -57. List the prime factors of z.
2, 19
Let i = 39 + -25. Suppose -m - i = -3*m. List the prime factors of m.
7
Let j(m) = 5*m**2 - 9*m - 10. What are the prime factors of j(-6)?
2, 7
Let w be (0/(5 - 1))/2. Suppose 3*m - 2*m - 3*c - 15 = 0, 3*m - 3*c - 45 = w. List the prime factors of m.
3, 5
Suppose -53 = 5*d - 2*d + 2*u, -4*d + 4*u - 44 = 0. Let v = 31 - d. What are the prime factors of v?
2, 23
Let y(n) = n**3 + n**2 + n - 16. Let s be y(0). Let x = s - -22. Let k = 16 - x. What are the prime factors of k?
2, 5
Let i(z) = -z + 1. Let v be i(-3). Let a(q) = -q**3 + 5*q**2 - q - 5. What are the prime factors of a(v)?
7
Suppose 5*u = 3*u. Let p = -2 + u. What are the prime factors of (p - -12) + 0 + 1?
11
Suppose 5*q - 4*q = -18. Let z = 12 - q. List the prime factors of z.
2, 3, 5
Suppose 9*l - 7*l + 2 = 0. What are the prime factors of -4*(l - (-27)/(-6))?
2, 11
Suppose i + 2*i - 21 = 3*f, -32 = -i - 4*f. Let u(h) = h**3 + h**2 - h + 1. Let m be u(-2). Let p = i + m. What are the prime factors of p?
11
Suppose 3*q = -39 + 111. List the prime factors of q.
2, 3
Suppose -11*k - k + 2268 = 0. List the prime factors of k.
3, 7
Suppose 7 = 5*q - 38. Suppose -p + 4*p = q. Suppose 6*u - 66 = u + p*t, -2*t + 20 = 2*u. List the prime factors of u.
2, 3
Suppose 6*p + 4*x + 18 = p, -p + 4*x = -6. Let l = p - -2. Suppose l = -5*u + 18 + 2. List the prime factors of u.
2
Suppose 114 = 4*m - 66. What are the prime factors of m?
3, 5
Suppose -4 = -k, -30 = -4*x + 4*k + 6. Let y = -6 + x. What are the prime factors of y?
7
Let m = 6 - 6. Suppose 0 = 5*g - 15 - m. Suppose -33 = -4*l - 5*x + 5, 5*l - 66 = g*x. What are the prime factors of l?
2, 3
Let t be ((-6)/7)/(7/(-245)). Suppose -4*n - h = -t, 0 = -0*n + 4*n - 2*h - 36. What are the prime factors of n?
2
Let v be 442/7 + 1/(-7). Suppose b + 2*b = v. List the prime factors of b.
3, 7
Suppose -70 = -i - x, -4*x - 231 = -2*i - i. What are the prime factors of i?
73
Suppose -21*p + 6*p + 4845 = 0. What are the prime factors of p?
17, 19
Let a(b) = 2*b - 8. What are the prime factors of a(12)?
2
Let i be (-2)/4 - 22/(-4). Suppose z - i*z = -168. Suppose 0 = -4*f + f + z. What are the prime factors of f?
2, 7
Let j be 16/(-10) + 9/15. What are the prime factors of 216/(-4)*j/2?
3
Let w be 14/3 + 4/(-6). Suppose -w*m - x - 1 = -4*x, 0 = -4*m + 2*x + 2. Suppose -6*g + 3*c + 27 = -3*g, -m*c = -g + 9. What are the prime factors of g?
3
Let m = 43 - 25. What are the prime factors of m?
2, 3
Suppose -i + 4*l = -17, -i - 8 = 2*l - 1. What are the prime factors of (-16)/2*(i - 2)?
2
Let g(n) = 5*n**2 + 69*n + 73. Let k(a) = a**2 + 17*a + 18. Let r(u) = -2*g(u) + 9*k(u). What are the prime factors of r(12)?
2, 13
Suppose 2*w + d = -4*d + 261, 3*w = -2*d + 408. List the prime factors of w.
2, 3, 23
Let o = 6 - 6. Suppose 5*a + 3*k + 0*k - 71 = o, 5*a - 74 = -2*k. List the prime factors of a.
2
Suppose 3*c + 3*v = 3, 2*c - 4*v + 3 = 11. Suppose -30 = -c*z - 0*z - 2*n, 0 = -z - 4*n + 27. List the prime factors of z.
11
Let m(d) = d**2 + 4. Let r be m(-3). Let c = r - 18. Let v(y) = y**2 + 5*y + 4. What are the prime factors of v(c)?
2
Suppose 0 = -3*a, 160 = 5*g + 5*a - 240. What are the prime factors of g?
2, 5
Let n = 89 + 127. What are the prime factors of n?
2, 3
Let g = 14 - -37. What are the prime factors of g?
3, 17
Let z(i) = -i**2 - 7*i + 6. Let k be z(-8). List the prime factors of (24/2)/((-3)/k).
2
Let t = -53 - -90. What are the prime factors of t?
37
Suppose 0*s = 2*s - 6. Let f(r) = 25*r + 1. Let m be f(s). Suppose -5*b - 26 = -m. What are the prime factors of b?
2, 5
Suppose 0*o - 4*o + 20 = 0. Let b = 9 - o. Suppose w = -b*w + 10. List the prime factors of w.
2
Let s(t) = t**2 + t - 5. Let a be s(-5). Let b be (-9)/a*(0 - 5). Suppose b*o - 17 = -2. List the prime factors of o.
5
Suppose 2*w = 4*w - 2. List the prime factors of 2 + 2/(-2) + w.
2
Suppose 4*c - 2*c = 0. Suppose 5*q - 30 - 20 = c. Suppose -2*a + 0 = -q. List the prime factors of a.
5
Suppose 5*x - 5*y - 220 = 0, -3*x + 226 = 2*x + y. List the prime factors of x.
3, 5
Let u(y) = y**2 + y - 3. Let x = -2 + 1. Let g be x + (-12)/(-3) + 0. List the prime factors of u(g).
3
Let u be 208/(-36) + 2/(-9). Let a be (-18)/(2/(8/u)). Let k = a + -5. List the prime factors of k.
7
Let t be (-56)/(-10) - (-9)/(-15). Suppose -t = b, 23 = -4*n - 3*b - 12. Let m = n - -13. List the prime factors of m.
2
Suppose 3*p - 3*u = u + 104, 0 = -3*u - 15. Suppose -6*w + 140 = -w - 4*h, p = w + h. List the prime factors of w.
2, 7
Let k(i) be the first derivative of i**2 - 4*i + 3. What are the prime factors of k(4)?
2
Let g(o) = -4*o**3 - 6*o**2 - 7*o + 4. What are the prime factors of g(-4)?
2, 3
Let t = 18 - 8. Let m = 2 + -3. List the prime factors of (-1)/(m/(-1)) + t.
3
Let m = 146 + -74. What are the prime factors of m?
2, 3
Let y(b) = -b**2 - b + 5 + 4 + 0*b. Suppose -4 = v + 2*l, -3*v - 2*l = 2*l + 8. What are the prime factors of y(v)?
3
Let f(i) = -i - 1. Let n = -2 + -1. What are the prime factors of f(n)?
2
Let z = 22 + -16. List the prime factors of 3/z - 46/(-4).
2, 3
List the prime factors of (8456/84)/(2/6).
2, 151
Suppose z + 5*d = 25, -10*z - 5*d - 155 = -13*z. List the prime factors of z.
3, 5
Let s = 2 + -3. Let i = s - -1. Suppose -o + 2 + 3 = i. List the prime factors of o.
5
Suppose 3*m + 23 = 59. What are the prime factors of m?
2, 3
Let d(h) = -h**2 + 2*h. Let o be d(3). Let a(p) = p**2 + 3*p + 3. Let l be a(o). Suppose -3*m + 31 = -2*v, -2*m - 6 = l*v + v. What are the prime factors of m?
7
Let n(r) = -r**3 - 6*r**2 - r + 3. Suppose 4*w - 2*l = 0, 0 = 4*w - 3*l - 4 + 8. Suppose -w*h = -6*h - 24. What are the prime factors of n(h)?
3
Let y = 37 + -35. List the prime factors of y.
2
Suppose -6 = -3*d - 0*d. Suppose 3*p - p - 22 = 0. Suppose a + p = d*a. List the prime factors of a.
11
Let c = 1 - -3. Let n be 0 + -3*c/(-3). Suppose 3*d + n*x - 2 = -4, 5*d - 3*x = 45. What are the prime factors of d?
2, 3
Let u(r) = r**2 - 4*r - 8. Let l be u(6). Let j be 9/4 - (-3)/(-12). Suppose -j*n + 3*m = -20 + 1, -l*n -